{"id":35,"date":"2019-08-29T21:54:34","date_gmt":"2019-08-29T19:54:34","guid":{"rendered":"http:\/\/ndutupai.hypotheses.org\/?page_id=35"},"modified":"2022-03-11T12:56:54","modified_gmt":"2022-03-11T12:56:54","slug":"equipo","status":"publish","type":"page","link":"https:\/\/ndutupai.hypotheses.linhd.uned.es\/?page_id=35","title":{"rendered":"Equipo"},"content":{"rendered":"<p>[et_pb_section fb_built=&#8221;1&#8243; _builder_version=&#8221;4.4.7&#8243; background_color=&#8221;#A34C43&#8243;][et_pb_row _builder_version=&#8221;4.4.7&#8243; width=&#8221;77%&#8221; max_width=&#8221;1180px&#8221;][et_pb_column type=&#8221;4_4&#8243; _builder_version=&#8221;4.4.7&#8243;][et_pb_image src=&#8221;https:\/\/ndutupai.hypotheses.linhd.uned.es\/wp-content\/uploads\/2022\/02\/BANNER_EQUIPO_01-scaled.jpg&#8221; alt=&#8221;foto equipo grupo de trabajo Ndutupai&#8221; title_text=&#8221;BANNER_EQUIPO_01&#8243; force_fullwidth=&#8221;on&#8221; _builder_version=&#8221;4.4.7&#8243;][\/et_pb_image][\/et_pb_column][\/et_pb_row][\/et_pb_section][et_pb_section fb_built=&#8221;1&#8243; _builder_version=&#8221;4.4.7&#8243;][et_pb_row _builder_version=&#8221;4.4.7&#8243;][et_pb_column type=&#8221;4_4&#8243; _builder_version=&#8221;4.4.7&#8243;][et_pb_divider divider_weight=&#8221;2px&#8221; _builder_version=&#8221;4.4.7&#8243;][\/et_pb_divider][\/et_pb_column][\/et_pb_row][et_pb_row column_structure=&#8221;1_2,1_2&#8243; _builder_version=&#8221;4.4.7&#8243;][et_pb_column type=&#8221;1_2&#8243; _builder_version=&#8221;4.4.7&#8243;][et_pb_team_member image_url=&#8221;https:\/\/ndutupai.hypotheses.linhd.uned.es\/wp-content\/uploads\/2022\/02\/foto-perfil_Maillo.jpg&#8221; _builder_version=&#8221;4.4.7&#8243; box_shadow_style_image=&#8221;preset2&#8243;][\/et_pb_team_member][\/et_pb_column][et_pb_column type=&#8221;1_2&#8243; _builder_version=&#8221;4.4.7&#8243;][et_pb_text _builder_version=&#8221;4.4.7&#8243; text_font_size=&#8221;15px&#8221; custom_margin=&#8221;0px|||-30px|false|false&#8221; hover_enabled=&#8221;0&#8243;]<\/p>\n<h4 class=\"et_pb_module_header et-fb-editable-element et-fb-editable-element__editing\" data-shortcode-id=\"1.0.0.0-1643981531580\" data-quickaccess-id=\"header\" contenteditable=\"true\">JOS\u00c9-MANUEL MA\u00cdLLO-FERN\u00c1NDEZ<\/h4>\n<p>Profesor del Dpto. de Prehistoria y Arqueolog\u00eda de la UNED. Su inter\u00e9s cient\u00edfico se centra en la tecnolog\u00eda l\u00edtica de la Transici\u00f3n en el Paleol\u00edtico Medio-Superior y de la Middle Stone Age en el este de \u00c1frica.<\/p>\n<p>P\u00e1gina personal: <a href=\"http:\/\/www.researchgate.net\/profile\/Jose_Maillo-Fernandez2\">http:\/\/www.researchgate.net\/profile\/Jose_Maillo-Fernandez2<\/a><\/p>\n<p>&nbsp;<\/p>\n<p>[\/et_pb_text][\/et_pb_column][\/et_pb_row][et_pb_row _builder_version=&#8221;4.4.7&#8243;][et_pb_column type=&#8221;4_4&#8243; _builder_version=&#8221;4.4.7&#8243;][et_pb_divider divider_weight=&#8221;2px&#8221; _builder_version=&#8221;4.4.7&#8243;][\/et_pb_divider][\/et_pb_column][\/et_pb_row][et_pb_row column_structure=&#8221;1_2,1_2&#8243; _builder_version=&#8221;4.4.7&#8243;][et_pb_column type=&#8221;1_2&#8243; _builder_version=&#8221;4.4.7&#8243;][et_pb_text _builder_version=&#8221;4.4.7&#8243; text_font_size=&#8221;15px&#8221;]<\/p>\n<p>&nbsp;<\/p>\n<h4 class=\"et_pb_module_header et-fb-editable-element et-fb-editable-element__editing\" data-shortcode-id=\"1.0.0.0-1643981531580\" data-quickaccess-id=\"header\" contenteditable=\"true\">AUDAX MABULLA<\/h4>\n<p>Catedr\u00e1tico del Departamento de Arqueolog\u00eda y Patrimonio de la Universidad de Dar es Salaam (Tanzania). Es especialista en el Paleol\u00edtico tanzano, los grupos Hadza y en la conservaci\u00f3n del Patrimonio Arqueol\u00f3gico y Cultural.<\/p>\n<p>[\/et_pb_text][\/et_pb_column][et_pb_column type=&#8221;1_2&#8243; _builder_version=&#8221;4.4.7&#8243;][et_pb_team_member image_url=&#8221;https:\/\/ndutupai.hypotheses.linhd.uned.es\/wp-content\/uploads\/2021\/05\/mabulla.jpg&#8221; _builder_version=&#8221;4.4.7&#8243; box_shadow_style_image=&#8221;preset2&#8243;][\/et_pb_team_member][\/et_pb_column][\/et_pb_row][et_pb_row _builder_version=&#8221;4.4.7&#8243;][et_pb_column type=&#8221;4_4&#8243; _builder_version=&#8221;4.4.7&#8243;][et_pb_divider divider_weight=&#8221;2px&#8221; _builder_version=&#8221;4.4.7&#8243;][\/et_pb_divider][\/et_pb_column][\/et_pb_row][et_pb_row column_structure=&#8221;1_2,1_2&#8243; _builder_version=&#8221;4.4.7&#8243;][et_pb_column type=&#8221;1_2&#8243; _builder_version=&#8221;4.4.7&#8243;][et_pb_team_member image_url=&#8221;https:\/\/ndutupai.hypotheses.linhd.uned.es\/wp-content\/uploads\/2021\/01\/IMG-20190413-WA0005.jpg&#8221; _builder_version=&#8221;4.4.7&#8243; box_shadow_style_image=&#8221;preset2&#8243;][\/et_pb_team_member][\/et_pb_column][et_pb_column type=&#8221;1_2&#8243; _builder_version=&#8221;4.4.7&#8243;][et_pb_text _builder_version=&#8221;4.4.7&#8243; text_font_size=&#8221;15px&#8221; custom_margin=&#8221;0px|||-30px|false|false&#8221;]<\/p>\n<h4 class=\"et_pb_module_header et-fb-editable-element et-fb-editable-element__editing\" data-shortcode-id=\"1.0.0.0-1643981531580\" data-quickaccess-id=\"header\" contenteditable=\"true\">AGNES GIDNA<\/h4>\n<p>Conservadora jefe del \u00e1rea de Paleontolog\u00eda del Museo Nacional de Tanzania en Dar es Salaam. Es especialista en tafonom\u00eda de carn\u00edvoros y en los m\u00e9todos de difusi\u00f3n y transferencia del conocimiento arqueol\u00f3gico a la sociedad.<\/p>\n<p>P\u00e1gina personal: <a href=\"http:\/\/www.researchgate.net\/profile\/Agness_Gidna\">http:\/\/www.researchgate.net\/profile\/Agness_Gidna<\/a><\/p>\n<p>&nbsp;<\/p>\n<p>&nbsp;<\/p>\n<p>&nbsp;<\/p>\n<div class=\"wp-block-media-text alignwide is-stacked-on-mobile\">\n<div class=\"wp-block-media-text__content\">\n<p>&nbsp;<\/p>\n<\/div>\n<\/div>\n<p>[\/et_pb_text][\/et_pb_column][\/et_pb_row][et_pb_row _builder_version=&#8221;4.4.7&#8243;][et_pb_column type=&#8221;4_4&#8243; _builder_version=&#8221;4.4.7&#8243;][et_pb_divider divider_weight=&#8221;2px&#8221; _builder_version=&#8221;4.4.7&#8243;][\/et_pb_divider][\/et_pb_column][\/et_pb_row][et_pb_row column_structure=&#8221;1_2,1_2&#8243; _builder_version=&#8221;4.4.7&#8243;][et_pb_column type=&#8221;1_2&#8243; _builder_version=&#8221;4.4.7&#8243;][et_pb_text _builder_version=&#8221;4.4.7&#8243; text_font_size=&#8221;15px&#8221;]<\/p>\n<p>&nbsp;<\/p>\n<h4 class=\"et_pb_module_header et-fb-editable-element et-fb-editable-element__editing\" data-shortcode-id=\"1.0.0.0-1643981531580\" data-quickaccess-id=\"header\" contenteditable=\"true\">JUAN MAR\u00cdN<\/h4>\n<p>Investigador asociado al IPHES, especialista en fauna del cuaternario, sus intereses cient\u00edficos se centran en estudiar las interacciones entre los humanos y el medio a trav\u00e9s del an\u00e1lisis tafon\u00f3mico de los restos de fauna<\/p>\n<p>P\u00e1gina personal:<\/p>\n<p><a href=\"https:\/\/www.researchgate.net\/profile\/Juan-Marin-15\">http:\/\/www.researchgate.net\/profile\/Juan_Marin26<\/a><\/p>\n<p>[\/et_pb_text][\/et_pb_column][et_pb_column type=&#8221;1_2&#8243; _builder_version=&#8221;4.4.7&#8243;][et_pb_team_member image_url=&#8221;https:\/\/ndutupai.hypotheses.linhd.uned.es\/wp-content\/uploads\/2021\/01\/juan-web-scaled-1.jpg&#8221; _builder_version=&#8221;4.4.7&#8243; box_shadow_style_image=&#8221;preset2&#8243;][\/et_pb_team_member][\/et_pb_column][\/et_pb_row][et_pb_row _builder_version=&#8221;4.4.7&#8243;][et_pb_column type=&#8221;4_4&#8243; _builder_version=&#8221;4.4.7&#8243;][et_pb_divider divider_weight=&#8221;2px&#8221; _builder_version=&#8221;4.4.7&#8243;][\/et_pb_divider][\/et_pb_column][\/et_pb_row][et_pb_row column_structure=&#8221;1_2,1_2&#8243; _builder_version=&#8221;4.4.7&#8243;][et_pb_column type=&#8221;1_2&#8243; _builder_version=&#8221;4.4.7&#8243;][et_pb_team_member image_url=&#8221;https:\/\/ndutupai.hypotheses.linhd.uned.es\/wp-content\/uploads\/2021\/01\/david-web-scaled-1.jpg&#8221; _builder_version=&#8221;4.4.7&#8243; box_shadow_style_image=&#8221;preset2&#8243;][\/et_pb_team_member][\/et_pb_column][et_pb_column type=&#8221;1_2&#8243; _builder_version=&#8221;4.4.7&#8243;][et_pb_text _builder_version=&#8221;4.4.7&#8243; text_font_size=&#8221;15px&#8221; custom_margin=&#8221;0px|||-30px|false|false&#8221;]<\/p>\n<h4 class=\"et_pb_module_header et-fb-editable-element et-fb-editable-element__editing\" data-shortcode-id=\"1.0.0.0-1643981531580\" data-quickaccess-id=\"header\" contenteditable=\"true\">DAVID MART\u00cdN-PEREA<\/h4>\n<p>Personal Investigador en Formaci\u00f3n del Museo Nacional de Ciencias Naturales. Su inter\u00e9s investigador pivota en el conocimiento de la geolog\u00eda de la Garganta de Olduvai y la Geomorfolog\u00eda de los yacimientos estudiados en el proyecto.<\/p>\n<p>P\u00e1gina personal:<\/p>\n<p><a href=\"https:\/\/www.researchgate.net\/profile\/David-Martin-Perea\">http:\/\/www.researchgate.net\/profile\/David_Martin_Perea<\/a><\/p>\n<p>&nbsp;<\/p>\n<p>&nbsp;<\/p>\n<p>&nbsp;<\/p>\n<div class=\"wp-block-media-text alignwide is-stacked-on-mobile\">\n<div class=\"wp-block-media-text__content\">\n<p>&nbsp;<\/p>\n<\/div>\n<\/div>\n<p>[\/et_pb_text][\/et_pb_column][\/et_pb_row][et_pb_row _builder_version=&#8221;4.4.7&#8243;][et_pb_column type=&#8221;4_4&#8243; _builder_version=&#8221;4.4.7&#8243;][et_pb_divider divider_weight=&#8221;2px&#8221; _builder_version=&#8221;4.4.7&#8243;][\/et_pb_divider][\/et_pb_column][\/et_pb_row][et_pb_row column_structure=&#8221;1_2,1_2&#8243; _builder_version=&#8221;4.4.7&#8243;][et_pb_column type=&#8221;1_2&#8243; _builder_version=&#8221;4.4.7&#8243;][et_pb_text _builder_version=&#8221;4.4.7&#8243; text_font_size=&#8221;15px&#8221;]<\/p>\n<p>&nbsp;<\/p>\n<h4 class=\"et_pb_module_header et-fb-editable-element et-fb-editable-element__editing\" data-shortcode-id=\"1.0.0.0-1643981531580\" data-quickaccess-id=\"header\" contenteditable=\"true\">RAQUEL ASIA\u00cdN<\/h4>\n<p>Personal investigador en Formaci\u00f3n de la UCM, es restauradora, fot\u00f3grafa y especialista en arte rupestre. Su funci\u00f3n en el proyecto es la conservaci\u00f3n y documentaci\u00f3n de los restos arqueol\u00f3gicos tanto en el laboratorio como<em> in situ<\/em> en los yacimientos.<\/p>\n<p>P\u00e1gina personal:<\/p>\n<p><a href=\"https:\/\/www.researchgate.net\/profile\/Raquel-Asiain\">http:\/\/www.researchgate.net\/profile\/Raquel_Asiain<\/a><\/p>\n<p>&nbsp;<\/p>\n<p>[\/et_pb_text][\/et_pb_column][et_pb_column type=&#8221;1_2&#8243; _builder_version=&#8221;4.4.7&#8243;][et_pb_team_member image_url=&#8221;https:\/\/ndutupai.hypotheses.linhd.uned.es\/wp-content\/uploads\/2021\/01\/raquel-web-1.jpg&#8221; _builder_version=&#8221;4.4.7&#8243; box_shadow_style_image=&#8221;preset2&#8243;][\/et_pb_team_member][\/et_pb_column][\/et_pb_row][et_pb_row _builder_version=&#8221;4.4.7&#8243;][et_pb_column type=&#8221;4_4&#8243; _builder_version=&#8221;4.4.7&#8243;][et_pb_divider divider_weight=&#8221;2px&#8221; _builder_version=&#8221;4.4.7&#8243;][\/et_pb_divider][\/et_pb_column][\/et_pb_row][et_pb_row column_structure=&#8221;1_2,1_2&#8243; _builder_version=&#8221;4.4.7&#8243;][et_pb_column type=&#8221;1_2&#8243; _builder_version=&#8221;4.4.7&#8243;][et_pb_team_member image_url=&#8221;https:\/\/ndutupai.hypotheses.linhd.uned.es\/wp-content\/uploads\/2021\/01\/alicia-web-1.jpg&#8221; _builder_version=&#8221;4.4.7&#8243; box_shadow_style_image=&#8221;preset2&#8243;][\/et_pb_team_member][\/et_pb_column][et_pb_column type=&#8221;1_2&#8243; _builder_version=&#8221;4.4.7&#8243;][et_pb_text _builder_version=&#8221;4.4.7&#8243; text_font_size=&#8221;15px&#8221; custom_margin=&#8221;0px|||-30px|false|false&#8221;]<\/p>\n<h4 class=\"et_pb_module_header et-fb-editable-element et-fb-editable-element__editing\" data-shortcode-id=\"1.0.0.0-1643981531580\" data-quickaccess-id=\"header\" contenteditable=\"true\">ALICIA MEDIALDEA<\/h4>\n<p>Investigadora en Dataci\u00f3n por Luminiscencia en el Centro Nacional de Investigaci\u00f3n sobre la Evoluci\u00f3n Humana (CENIEH), su inter\u00e9s cient\u00edfico se centra en la luminiscencia \u00f3pticamente estimulada como m\u00e9todo de dataci\u00f3n.<\/p>\n<p>&nbsp;<\/p>\n<p>&nbsp;<\/p>\n<p>&nbsp;<\/p>\n<p>&nbsp;<\/p>\n<div class=\"wp-block-media-text alignwide is-stacked-on-mobile\">\n<div class=\"wp-block-media-text__content\">\n<p>&nbsp;<\/p>\n<\/div>\n<\/div>\n<p>[\/et_pb_text][\/et_pb_column][\/et_pb_row][et_pb_row _builder_version=&#8221;4.4.7&#8243;][et_pb_column type=&#8221;4_4&#8243; _builder_version=&#8221;4.4.7&#8243;][et_pb_divider divider_weight=&#8221;2px&#8221; _builder_version=&#8221;4.4.7&#8243;][\/et_pb_divider][\/et_pb_column][\/et_pb_row][et_pb_row column_structure=&#8221;1_2,1_2&#8243; _builder_version=&#8221;4.4.7&#8243;][et_pb_column type=&#8221;1_2&#8243; _builder_version=&#8221;4.4.7&#8243;][et_pb_text _builder_version=&#8221;4.4.7&#8243; text_font_size=&#8221;15px&#8221; hover_enabled=&#8221;0&#8243;]<\/p>\n<p>&nbsp;<\/p>\n<h4 class=\"et_pb_module_header et-fb-editable-element et-fb-editable-element__editing\" data-shortcode-id=\"1.0.0.0-1643981531580\" data-quickaccess-id=\"header\" contenteditable=\"true\">NATALIA ABELL\u00c1N<\/h4>\n<p>Estudiante de m\u00e1ster en Inteligencia artificial de la UNED. Especialista en tafonom\u00eda, su inter\u00e9s cient\u00edfico se focaliza en el desarrollo de metodolog\u00edas y an\u00e1lisis del registro arqueol\u00f3gico a trav\u00e9s del uso de algoritmos de Machine Learning,<\/p>\n<p>&nbsp;<\/p>\n<p>&nbsp;<\/p>\n<p>[\/et_pb_text][\/et_pb_column][et_pb_column type=&#8221;1_2&#8243; _builder_version=&#8221;4.4.7&#8243;][et_pb_team_member image_url=&#8221;https:\/\/ndutupai.hypotheses.linhd.uned.es\/wp-content\/uploads\/2021\/01\/asd.jpg&#8221; _builder_version=&#8221;4.4.7&#8243; box_shadow_style_image=&#8221;preset2&#8243;][\/et_pb_team_member][\/et_pb_column][\/et_pb_row][et_pb_row _builder_version=&#8221;4.4.7&#8243;][et_pb_column type=&#8221;4_4&#8243; _builder_version=&#8221;4.4.7&#8243;][et_pb_divider divider_weight=&#8221;2px&#8221; _builder_version=&#8221;4.4.7&#8243;][\/et_pb_divider][\/et_pb_column][\/et_pb_row][et_pb_row column_structure=&#8221;1_2,1_2&#8243; _builder_version=&#8221;4.4.7&#8243; hover_enabled=&#8221;0&#8243; custom_padding=&#8221;||0px|||&#8221; custom_margin=&#8221;||-90px||false|false&#8221;][et_pb_column type=&#8221;1_2&#8243; _builder_version=&#8221;4.4.7&#8243;][et_pb_team_member image_url=&#8221;https:\/\/ndutupai.hypotheses.linhd.uned.es\/wp-content\/uploads\/2022\/03\/Dani-izq-Ivan-der-scaled.jpg&#8221; _builder_version=&#8221;4.4.7&#8243; hover_enabled=&#8221;0&#8243; box_shadow_style_image=&#8221;preset2&#8243; title_text=&#8221;Dani (izq) Ivan (der)&#8221;][\/et_pb_team_member][\/et_pb_column][et_pb_column type=&#8221;1_2&#8243; _builder_version=&#8221;4.4.7&#8243;][et_pb_text _builder_version=&#8221;4.4.7&#8243; text_font_size=&#8221;15px&#8221; custom_margin=&#8221;0px|||-30px|false|false&#8221; hover_enabled=&#8221;0&#8243;]<\/p>\n<h4>DANIEL PLAZA RUBIO<\/h4>\n<p>Es titulado en periodismo y pronto centr\u00f3 su carrera en el audiovisual. Tras trabajar en redacciones de medios nacionales, su pasi\u00f3n por la imagen le llev\u00f3 a dedicarse casi en exclusiva a la realizaci\u00f3n especializada en televisi\u00f3n educativa. Formado en prestigiosas escuelas de Espa\u00f1a y Cuba, ha desarrollado su profesi\u00f3n dentro y fuera de nuestras fronteras recibiendo premios que certifican su dedicaci\u00f3n al g\u00e9nero documental. Actualmente forma parte de UNED Media.<\/p>\n<h4>IVAN R. CUEVAS<\/h4>\n<p>Es especialista en Televisi\u00f3n Educativa. Ha trabajado en Argentina, Cuba y Espa\u00f1a desarrollando labores de producci\u00f3n y realizaci\u00f3n de documentales, recibiendo varios premios y menciones por ellos. A esta actividad se le suma la de profesor de Alfabetizaci\u00f3n Audiovisual. En la actualidad combina su trabajo en el UNED Media con la direcci\u00f3n de la productora Litoral Media.<\/p>\n<p>&nbsp;<\/p>\n<p>&nbsp;<\/p>\n<p>&nbsp;<\/p>\n<p>&nbsp;<\/p>\n<p>&nbsp;<\/p>\n<p>&nbsp;<\/p>\n<p>&nbsp;<\/p>\n<div class=\"wp-block-media-text alignwide is-stacked-on-mobile\">\n<div class=\"wp-block-media-text__content\">\n<p>&nbsp;<\/p>\n<\/div>\n<\/div>\n<p>[\/et_pb_text][\/et_pb_column][\/et_pb_row][\/et_pb_section]<\/p>\n","protected":false},"excerpt":{"rendered":"<p>JOS\u00c9-MANUEL MA\u00cdLLO-FERN\u00c1NDEZ Profesor del Dpto. de Prehistoria y Arqueolog\u00eda de la UNED. Su inter\u00e9s cient\u00edfico se centra en la tecnolog\u00eda l\u00edtica de la Transici\u00f3n en el Paleol\u00edtico Medio-Superior y de la Middle Stone Age en el este de \u00c1frica. P\u00e1gina personal: http:\/\/www.researchgate.net\/profile\/Jose_Maillo-Fernandez2 &nbsp; &nbsp; AUDAX MABULLA Catedr\u00e1tico del Departamento de Arqueolog\u00eda y Patrimonio de la [&hellip;]<\/p>\n","protected":false},"author":2,"featured_media":0,"parent":0,"menu_order":0,"comment_status":"closed","ping_status":"closed","template":"","meta":{"_et_pb_use_builder":"on","_et_pb_old_content":"<!-- wp:media-text {\"mediaId\":76,\"mediaType\":\"image\",\"verticalAlignment\":\"top\"} -->\n<div class=\"wp-block-media-text alignwide is-stacked-on-mobile is-vertically-aligned-top\"><figure class=\"wp-block-media-text__media\"><img src=\"https:\/\/ndutupai.hypotheses.org\/files\/2021\/01\/foto-perfil-457x500.jpg\" alt=\"\" class=\"wp-image-76\" \/><\/figure><div class=\"wp-block-media-text__content\"><!-- wp:paragraph {\"placeholder\":\"Contenidou2026\",\"style\":{\"typography\":{\"fontSize\":14}}} -->\n<p style=\"font-size:14px\"><strong>JOS\u00c9-MANUEL MA\u00cdLLO-FERN\u00c1NDEZ<\/strong><\/p>\n<!-- \/wp:paragraph -->\n\n<!-- wp:paragraph -->\n<p>Profesor del Dpto. de Prehistoria y Arqueolog\u00eda de la UNED. Su inter\u00e9s cient\u00edfico se centra en la tecnolog\u00eda l\u00edtica de la Transici\u00f3n en el Paleol\u00edtico Medio-Superior y de la Middle Stone Age en el este de \u00c1frica.<\/p>\n<!-- \/wp:paragraph --><\/div><\/div>\n<!-- \/wp:media-text -->\n\n<!-- wp:paragraph -->\n<p>P\u00e1gina personal: <a href=\"http:\/\/www.researchgate.net\/profile\/Jose_Maillo-Fernandez2\">http:\/\/www.researchgate.net\/profile\/Jose_Maillo-Fernandez2<\/a><\/p>\n<!-- \/wp:paragraph -->\n\n<!-- wp:media-text {\"mediaPosition\":\"right\",\"mediaId\":154,\"mediaLink\":\"https:\/\/ndutupai.hypotheses.org\/equipo\/141212-dar-es-salaam-dec-12-2014-audax-mabulla-director-general-of-the-national-museum-a\",\"mediaType\":\"image\"} -->\n<div class=\"wp-block-media-text alignwide has-media-on-the-right is-stacked-on-mobile\"><figure class=\"wp-block-media-text__media\"><img src=\"https:\/\/ndutupai.hypotheses.org\/files\/2021\/05\/mabulla-500x334.jpg\" alt=\"\" class=\"wp-image-154\" \/><\/figure><div class=\"wp-block-media-text__content\"><!-- wp:paragraph {\"placeholder\":\"Contenidou2026\",\"style\":{\"typography\":{\"fontSize\":14}}} -->\n<p style=\"font-size:14px\"><strong>AUDAX MABULLA<\/strong><\/p>\n<!-- \/wp:paragraph -->\n\n<!-- wp:paragraph -->\n<p>Catedr\u00e1tico del Departamento de Arqueolog\u00eda y Patrimonio de la Universidad de Dar es Salaam (Tanzania). Es especialista en el Paleol\u00edtico tanzano, los grupos Hadza y en la conservaci\u00f3n del Patrimonio Arqueol\u00f3gico y Cultural.<\/p>\n<!-- \/wp:paragraph --><\/div><\/div>\n<!-- \/wp:media-text -->\n\n<!-- wp:media-text {\"mediaId\":145,\"mediaLink\":\"https:\/\/ndutupai.hypotheses.org\/equipo\/img-20190413-wa0005\",\"mediaType\":\"image\"} -->\n<div class=\"wp-block-media-text alignwide is-stacked-on-mobile\"><figure class=\"wp-block-media-text__media\"><img src=\"https:\/\/ndutupai.hypotheses.org\/files\/2021\/01\/IMG-20190413-WA0005-500x494.jpg\" alt=\"\" class=\"wp-image-145\" \/><\/figure><div class=\"wp-block-media-text__content\"><!-- wp:paragraph {\"placeholder\":\"Contenidou2026\",\"style\":{\"typography\":{\"fontSize\":14}}} -->\n<p style=\"font-size:14px\"><strong>AGNESS GIDNA<\/strong><\/p>\n<!-- \/wp:paragraph -->\n\n<!-- wp:paragraph -->\n<p>Conservadora jefe del \u00e1rea de Paleontolog\u00eda del Museo Nacional de Tanzania en Dar es Salaam. Es especialista en tafonom\u00eda de carn\u00edvoros y en los m\u00e9todos de difusi\u00f3n y transferencia del conocimiento arqueol\u00f3gico a la sociedad.<\/p>\n<!-- \/wp:paragraph --><\/div><\/div>\n<!-- \/wp:media-text -->\n\n<!-- wp:paragraph -->\n<p>P\u00e1gina personal: <a href=\"http:\/\/www.researchgate.net\/profile\/Agness_Gidna\">http:\/\/www.researchgate.net\/profile\/Agness_Gidna<\/a><\/p>\n<!-- \/wp:paragraph -->\n\n<!-- wp:media-text {\"mediaPosition\":\"right\",\"mediaId\":100,\"mediaLink\":\"https:\/\/ndutupai.hypotheses.org\/equipo\/juan-web-1\",\"mediaType\":\"image\"} -->\n<div class=\"wp-block-media-text alignwide has-media-on-the-right is-stacked-on-mobile\"><figure class=\"wp-block-media-text__media\"><img src=\"https:\/\/ndutupai.hypotheses.org\/files\/2021\/01\/juan-web-1-500x386.jpg\" alt=\"\" class=\"wp-image-100\" \/><\/figure><div class=\"wp-block-media-text__content\"><!-- wp:paragraph {\"placeholder\":\"Contenidou2026\",\"style\":{\"typography\":{\"fontSize\":14}}} -->\n<p style=\"font-size:14px\"><strong>JUAN MAR\u00cdN<\/strong><\/p>\n<!-- \/wp:paragraph -->\n\n<!-- wp:paragraph -->\n<p>Investigador asociado al IPHES, especialista de fauna del cuaternario, sus intereses cient\u00edficos se centran en estudiar las interacciones entre los humanos y el medio a trav\u00e9s  del an\u00e1lisis tafon\u00f3mico de los restos de fauna.<\/p>\n<!-- \/wp:paragraph --><\/div><\/div>\n<!-- \/wp:media-text -->\n\n<!-- wp:paragraph -->\n<p>P\u00e1gina personal: <a href=\"http:\/\/www.researchgate.net\/profile\/Juan_Marin26\">http:\/\/www.researchgate.net\/profile\/Juan_Marin26<\/a><\/p>\n<!-- \/wp:paragraph -->\n\n<!-- wp:media-text {\"mediaId\":101,\"mediaLink\":\"https:\/\/ndutupai.hypotheses.org\/equipo\/david-web\",\"mediaType\":\"image\"} -->\n<div class=\"wp-block-media-text alignwide is-stacked-on-mobile\"><figure class=\"wp-block-media-text__media\"><img src=\"https:\/\/ndutupai.hypotheses.org\/files\/2021\/01\/david-web-500x434.jpg\" alt=\"\" class=\"wp-image-101\" \/><\/figure><div class=\"wp-block-media-text__content\"><!-- wp:paragraph {\"placeholder\":\"Contenidou2026\",\"style\":{\"typography\":{\"fontSize\":14}}} -->\n<p style=\"font-size:14px\"><strong>DAVID MART\u00cdN-PEREA<\/strong><\/p>\n<!-- \/wp:paragraph -->\n\n<!-- wp:paragraph -->\n<p>Personal Investigador en Formaci\u00f3n del Museo Nacional de Ciencias Naturales. Su inter\u00e9s investigador pivota en el conocimiento de la geolog\u00eda de la Garganta de Olduvai y la Geomorfolog\u00eda de los yacimientos estudiados en el proyecto.<\/p>\n<!-- \/wp:paragraph --><\/div><\/div>\n<!-- \/wp:media-text -->\n\n<!-- wp:paragraph -->\n<p>P\u00e1gina personal: <a href=\"http:\/\/www.researchgate.net\/profile\/David_Martin_Perea\">http:\/\/www.researchgate.net\/profile\/David_Martin_Perea<\/a><\/p>\n<!-- \/wp:paragraph -->\n\n<!-- wp:media-text {\"mediaPosition\":\"right\",\"mediaId\":127,\"mediaLink\":\"http:\/\/ndutupai.hypotheses.org\/equipo\/raquel-web-2\",\"mediaType\":\"image\",\"verticalAlignment\":\"center\"} -->\n<div class=\"wp-block-media-text alignwide has-media-on-the-right is-stacked-on-mobile is-vertically-aligned-center\"><figure class=\"wp-block-media-text__media\"><img src=\"http:\/\/ndutupai.hypotheses.org\/files\/2021\/01\/raquel-web-1-500x500.jpg\" alt=\"\" class=\"wp-image-127\" \/><\/figure><div class=\"wp-block-media-text__content\"><!-- wp:paragraph {\"placeholder\":\"Contenidou2026\",\"style\":{\"typography\":{\"fontSize\":14}}} -->\n<p style=\"font-size:14px\"><strong>RAQUEL ASIA\u00cdN<\/strong><\/p>\n<!-- \/wp:paragraph -->\n\n<!-- wp:paragraph -->\n<p>Personal investigador en Formaci\u00f3n de la UCM, es restauradora, fot\u00f3grafa y especialista en arte rupestre. Su funci\u00f3n en el proyecto es la conservaci\u00f3n y documentaci\u00f3n de los restos arqueol\u00f3gicos tanto en el laboratorio como<em> in situ<\/em> en los yacimientos.<\/p>\n<!-- \/wp:paragraph --><\/div><\/div>\n<!-- \/wp:media-text -->\n\n<!-- wp:paragraph -->\n<p>P\u00e1gina personal: <a href=\"http:\/\/www.researchgate.net\/profile\/Raquel_Asiain\">http:\/\/www.researchgate.net\/profile\/Raquel_Asiain<\/a><\/p>\n<!-- \/wp:paragraph -->\n\n<!-- wp:media-text {\"mediaId\":148,\"mediaLink\":\"https:\/\/ndutupai.hypotheses.org\/equipo\/alicia-web\",\"mediaType\":\"image\"} -->\n<div class=\"wp-block-media-text alignwide is-stacked-on-mobile\"><figure class=\"wp-block-media-text__media\"><img src=\"https:\/\/ndutupai.hypotheses.org\/files\/2021\/01\/alicia-web-500x378.jpg\" alt=\"\" class=\"wp-image-148\" \/><\/figure><div class=\"wp-block-media-text__content\"><!-- wp:paragraph {\"placeholder\":\"Contenidou2026\",\"style\":{\"typography\":{\"fontSize\":14}}} -->\n<p style=\"font-size:14px\"><strong>ALICIA MEDIALDEA <\/strong><\/p>\n<!-- \/wp:paragraph -->\n\n<!-- wp:paragraph {\"placeholder\":\"Contenidou2026\"} -->\n<p>Investigadora en Dataci\u00f3n por Luminiscencia en el Centro Nacional de Investigaci\u00f3n sobre la Evoluci\u00f3n Humana (CENIEH), su inter\u00e9s cient\u00edfico se centra en la luminiscencia \u00f3pticamente estimulada como m\u00e9todo de dataci\u00f3n. <\/p>\n<!-- \/wp:paragraph --><\/div><\/div>\n<!-- \/wp:media-text -->\n\n<!-- wp:media-text {\"mediaPosition\":\"right\",\"mediaId\":143,\"mediaLink\":\"https:\/\/ndutupai.hypotheses.org\/equipo\/asd\",\"mediaType\":\"image\"} -->\n<div class=\"wp-block-media-text alignwide has-media-on-the-right is-stacked-on-mobile\"><figure class=\"wp-block-media-text__media\"><img src=\"https:\/\/ndutupai.hypotheses.org\/files\/2021\/01\/asd-492x500.jpg\" alt=\"\" class=\"wp-image-143\" \/><\/figure><div class=\"wp-block-media-text__content\"><!-- wp:paragraph {\"placeholder\":\"Contenidou2026\",\"style\":{\"typography\":{\"fontSize\":14}}} -->\n<p style=\"font-size:14px\"><strong>NATALIA ABELL\u00c1N<\/strong><\/p>\n<!-- \/wp:paragraph -->\n\n<!-- wp:paragraph -->\n<p>Estudiante de m\u00e1ster en Inteligencia artificial de la UNED. Especialista en tafonom\u00eda, su inter\u00e9s cient\u00edfico se focaliza en el desarrollo de metodolog\u00edas y an\u00e1lisis del registro arqueol\u00f3gico a trav\u00e9s del uso de algoritmos de Machine Learning,<\/p>\n<!-- \/wp:paragraph --><\/div><\/div>\n<!-- \/wp:media-text -->","_et_gb_content_width":"","footnotes":""},"class_list":["post-35","page","type-page","status-publish","hentry"],"_links":{"self":[{"href":"https:\/\/ndutupai.hypotheses.linhd.uned.es\/index.php?rest_route=\/wp\/v2\/pages\/35","targetHints":{"allow":["GET"]}}],"collection":[{"href":"https:\/\/ndutupai.hypotheses.linhd.uned.es\/index.php?rest_route=\/wp\/v2\/pages"}],"about":[{"href":"https:\/\/ndutupai.hypotheses.linhd.uned.es\/index.php?rest_route=\/wp\/v2\/types\/page"}],"author":[{"embeddable":true,"href":"https:\/\/ndutupai.hypotheses.linhd.uned.es\/index.php?rest_route=\/wp\/v2\/users\/2"}],"replies":[{"embeddable":true,"href":"https:\/\/ndutupai.hypotheses.linhd.uned.es\/index.php?rest_route=%2Fwp%2Fv2%2Fcomments&post=35"}],"version-history":[{"count":17,"href":"https:\/\/ndutupai.hypotheses.linhd.uned.es\/index.php?rest_route=\/wp\/v2\/pages\/35\/revisions"}],"predecessor-version":[{"id":316,"href":"https:\/\/ndutupai.hypotheses.linhd.uned.es\/index.php?rest_route=\/wp\/v2\/pages\/35\/revisions\/316"}],"wp:attachment":[{"href":"https:\/\/ndutupai.hypotheses.linhd.uned.es\/index.php?rest_route=%2Fwp%2Fv2%2Fmedia&parent=35"}],"curies":[{"name":"wp","href":"https:\/\/api.w.org\/{rel}","templated":true}]}}